{"id":14262,"date":"2026-04-26T16:11:47","date_gmt":"2026-04-26T16:11:47","guid":{"rendered":"https:\/\/iurisdoc.com\/projectes\/el-mar-de-barcelona-al-mundo\/"},"modified":"2026-04-26T16:11:47","modified_gmt":"2026-04-26T16:11:47","slug":"el-mar-de-barcelona-al-mundo","status":"publish","type":"projectes","link":"https:\/\/iurisdoc.com\/es\/proyectos\/el-mar-de-barcelona-al-mundo\/","title":{"rendered":"El mar, de Barcelona al mundo"},"author":8,"featured_media":14205,"template":"","meta":{"_acf_changed":false},"ambits":[81,82,154,181],"etiquetes-projectes":[86,199,322,114,113,153,258],"tipus-serveis":[117,89,118,88],"class_list":["post-14262","projectes","type-projectes","status-publish","has-post-thumbnail","hentry","ambits-cultura","ambits-ciencia-e-investigacion","ambits-educacion","ambits-sostenibilidad-y-empresa","etiquetes-projectes-contenidos-digitales","etiquetes-projectes-estrategia-digital-es","etiquetes-projectes-gestion-web","etiquetes-projectes-newsletters-es","etiquetes-projectes-pla-de-mitjans-es","etiquetes-projectes-produccion-audiovisual","etiquetes-projectes-redes-sociales","tipus-serveis-audiovisual-es","tipus-serveis-contenidos","tipus-serveis-diseno","tipus-serveis-estrategia-de-comunicacion","infinite-scroll-item"],"acf":[],"yoast_head":"<!-- This site is optimized with the Yoast SEO plugin v27.4 - https:\/\/yoast.com\/product\/yoast-seo-wordpress\/ -->\n<title>El mar, de Barcelona al mundo | Fundaci\u00f3n Barcelona Capital N\u00e1utica | Iuris.doc<\/title>\n<meta name=\"description\" content=\"Estrategias de comunicaci\u00f3n, contenidos, dise\u00f1o y tecnolog\u00eda. En Iurisdoc tenemos una buena historia. \u00bfNos permites contar la tuya?\" \/>\n<meta name=\"robots\" content=\"index, follow, max-snippet:-1, max-image-preview:large, max-video-preview:-1\" \/>\n<link rel=\"canonical\" href=\"https:\/\/iurisdoc.com\/es\/proyectos\/el-mar-de-barcelona-al-mundo\/\" \/>\n<meta property=\"og:locale\" content=\"es_ES\" \/>\n<meta property=\"og:type\" content=\"article\" \/>\n<meta property=\"og:title\" content=\"El mar, de Barcelona al mundo | Fundaci\u00f3n Barcelona Capital N\u00e1utica | Iuris.doc\" \/>\n<meta property=\"og:description\" content=\"Estrategias de comunicaci\u00f3n, contenidos, dise\u00f1o y tecnolog\u00eda. En Iurisdoc tenemos una buena historia. \u00bfNos permites contar la tuya?\" \/>\n<meta property=\"og:url\" content=\"https:\/\/iurisdoc.com\/es\/proyectos\/el-mar-de-barcelona-al-mundo\/\" \/>\n<meta property=\"og:site_name\" content=\"Iuris.doc\" \/>\n<meta property=\"og:image\" content=\"https:\/\/iurisdoc.com\/wp-content\/uploads\/vaixell_paper-scaled.jpg\" \/>\n\t<meta property=\"og:image:width\" content=\"2560\" \/>\n\t<meta property=\"og:image:height\" content=\"1707\" \/>\n\t<meta property=\"og:image:type\" content=\"image\/jpeg\" \/>\n<meta name=\"twitter:card\" content=\"summary_large_image\" \/>\n<meta name=\"twitter:site\" content=\"@iurisdoc\" \/>\n<script type=\"application\/ld+json\" class=\"yoast-schema-graph\">{\"@context\":\"https:\\\/\\\/schema.org\",\"@graph\":[{\"@type\":\"WebPage\",\"@id\":\"https:\\\/\\\/iurisdoc.com\\\/es\\\/proyectos\\\/el-mar-de-barcelona-al-mundo\\\/\",\"url\":\"https:\\\/\\\/iurisdoc.com\\\/es\\\/proyectos\\\/el-mar-de-barcelona-al-mundo\\\/\",\"name\":\"El mar, de Barcelona al mundo | Fundaci\u00f3n Barcelona Capital N\u00e1utica | Iuris.doc\",\"isPartOf\":{\"@id\":\"https:\\\/\\\/iurisdoc.com\\\/#website\"},\"primaryImageOfPage\":{\"@id\":\"https:\\\/\\\/iurisdoc.com\\\/es\\\/proyectos\\\/el-mar-de-barcelona-al-mundo\\\/#primaryimage\"},\"image\":{\"@id\":\"https:\\\/\\\/iurisdoc.com\\\/es\\\/proyectos\\\/el-mar-de-barcelona-al-mundo\\\/#primaryimage\"},\"thumbnailUrl\":\"https:\\\/\\\/iurisdoc.com\\\/wp-content\\\/uploads\\\/vaixell_paper-scaled.jpg\",\"datePublished\":\"2026-04-26T16:11:47+00:00\",\"description\":\"Estrategias de comunicaci\u00f3n, contenidos, dise\u00f1o y tecnolog\u00eda. En Iurisdoc tenemos una buena historia. \u00bfNos permites contar la tuya?\",\"breadcrumb\":{\"@id\":\"https:\\\/\\\/iurisdoc.com\\\/es\\\/proyectos\\\/el-mar-de-barcelona-al-mundo\\\/#breadcrumb\"},\"inLanguage\":\"es\",\"potentialAction\":[{\"@type\":\"ReadAction\",\"target\":[\"https:\\\/\\\/iurisdoc.com\\\/es\\\/proyectos\\\/el-mar-de-barcelona-al-mundo\\\/\"]}]},{\"@type\":\"ImageObject\",\"inLanguage\":\"es\",\"@id\":\"https:\\\/\\\/iurisdoc.com\\\/es\\\/proyectos\\\/el-mar-de-barcelona-al-mundo\\\/#primaryimage\",\"url\":\"https:\\\/\\\/iurisdoc.com\\\/wp-content\\\/uploads\\\/vaixell_paper-scaled.jpg\",\"contentUrl\":\"https:\\\/\\\/iurisdoc.com\\\/wp-content\\\/uploads\\\/vaixell_paper-scaled.jpg\",\"width\":2560,\"height\":1707,\"caption\":\"Gesti\u00f3 de la comunicaci\u00f3 de la Fundaci\u00f3 Barcelona Capital N\u00e0utica\"},{\"@type\":\"BreadcrumbList\",\"@id\":\"https:\\\/\\\/iurisdoc.com\\\/es\\\/proyectos\\\/el-mar-de-barcelona-al-mundo\\\/#breadcrumb\",\"itemListElement\":[{\"@type\":\"ListItem\",\"position\":1,\"name\":\"Inici\",\"item\":\"https:\\\/\\\/iurisdoc.com\\\/es\\\/\"},{\"@type\":\"ListItem\",\"position\":2,\"name\":\"Projects\",\"item\":\"https:\\\/\\\/iurisdoc.com\\\/en\\\/projects\\\/\"},{\"@type\":\"ListItem\",\"position\":3,\"name\":\"El mar, de Barcelona al mundo\"}]},{\"@type\":\"WebSite\",\"@id\":\"https:\\\/\\\/iurisdoc.com\\\/#website\",\"url\":\"https:\\\/\\\/iurisdoc.com\\\/\",\"name\":\"Iuris.doc\",\"description\":\"Naturalment digitals\",\"publisher\":{\"@id\":\"https:\\\/\\\/iurisdoc.com\\\/#organization\"},\"alternateName\":\"Iurisdoc\",\"potentialAction\":[{\"@type\":\"SearchAction\",\"target\":{\"@type\":\"EntryPoint\",\"urlTemplate\":\"https:\\\/\\\/iurisdoc.com\\\/?s={search_term_string}\"},\"query-input\":{\"@type\":\"PropertyValueSpecification\",\"valueRequired\":true,\"valueName\":\"search_term_string\"}}],\"inLanguage\":\"es\"},{\"@type\":\"Organization\",\"@id\":\"https:\\\/\\\/iurisdoc.com\\\/#organization\",\"name\":\"Iuris.doc\",\"alternateName\":\"Iurisdoc\",\"url\":\"https:\\\/\\\/iurisdoc.com\\\/\",\"logo\":{\"@type\":\"ImageObject\",\"inLanguage\":\"es\",\"@id\":\"https:\\\/\\\/iurisdoc.com\\\/#\\\/schema\\\/logo\\\/image\\\/\",\"url\":\"https:\\\/\\\/iurisdoc.com\\\/wp-content\\\/uploads\\\/Logo-Iuris.svg\",\"contentUrl\":\"https:\\\/\\\/iurisdoc.com\\\/wp-content\\\/uploads\\\/Logo-Iuris.svg\",\"caption\":\"Iuris.doc\"},\"image\":{\"@id\":\"https:\\\/\\\/iurisdoc.com\\\/#\\\/schema\\\/logo\\\/image\\\/\"},\"sameAs\":[\"https:\\\/\\\/x.com\\\/iurisdoc\",\"https:\\\/\\\/www.instagram.com\\\/iurisdoc\",\"https:\\\/\\\/www.linkedin.com\\\/company\\\/iuris-doc-contenidos-digitales-\\\/\"]}]}<\/script>\n<!-- \/ Yoast SEO plugin. -->","yoast_head_json":{"title":"El mar, de Barcelona al mundo | Fundaci\u00f3n Barcelona Capital N\u00e1utica | Iuris.doc","description":"Estrategias de comunicaci\u00f3n, contenidos, dise\u00f1o y tecnolog\u00eda. En Iurisdoc tenemos una buena historia. \u00bfNos permites contar la tuya?","robots":{"index":"index","follow":"follow","max-snippet":"max-snippet:-1","max-image-preview":"max-image-preview:large","max-video-preview":"max-video-preview:-1"},"canonical":"https:\/\/iurisdoc.com\/es\/proyectos\/el-mar-de-barcelona-al-mundo\/","og_locale":"es_ES","og_type":"article","og_title":"El mar, de Barcelona al mundo | Fundaci\u00f3n Barcelona Capital N\u00e1utica | Iuris.doc","og_description":"Estrategias de comunicaci\u00f3n, contenidos, dise\u00f1o y tecnolog\u00eda. En Iurisdoc tenemos una buena historia. \u00bfNos permites contar la tuya?","og_url":"https:\/\/iurisdoc.com\/es\/proyectos\/el-mar-de-barcelona-al-mundo\/","og_site_name":"Iuris.doc","og_image":[{"width":2560,"height":1707,"url":"https:\/\/iurisdoc.com\/wp-content\/uploads\/vaixell_paper-scaled.jpg","type":"image\/jpeg"}],"twitter_card":"summary_large_image","twitter_site":"@iurisdoc","schema":{"@context":"https:\/\/schema.org","@graph":[{"@type":"WebPage","@id":"https:\/\/iurisdoc.com\/es\/proyectos\/el-mar-de-barcelona-al-mundo\/","url":"https:\/\/iurisdoc.com\/es\/proyectos\/el-mar-de-barcelona-al-mundo\/","name":"El mar, de Barcelona al mundo | Fundaci\u00f3n Barcelona Capital N\u00e1utica | Iuris.doc","isPartOf":{"@id":"https:\/\/iurisdoc.com\/#website"},"primaryImageOfPage":{"@id":"https:\/\/iurisdoc.com\/es\/proyectos\/el-mar-de-barcelona-al-mundo\/#primaryimage"},"image":{"@id":"https:\/\/iurisdoc.com\/es\/proyectos\/el-mar-de-barcelona-al-mundo\/#primaryimage"},"thumbnailUrl":"https:\/\/iurisdoc.com\/wp-content\/uploads\/vaixell_paper-scaled.jpg","datePublished":"2026-04-26T16:11:47+00:00","description":"Estrategias de comunicaci\u00f3n, contenidos, dise\u00f1o y tecnolog\u00eda. En Iurisdoc tenemos una buena historia. \u00bfNos permites contar la tuya?","breadcrumb":{"@id":"https:\/\/iurisdoc.com\/es\/proyectos\/el-mar-de-barcelona-al-mundo\/#breadcrumb"},"inLanguage":"es","potentialAction":[{"@type":"ReadAction","target":["https:\/\/iurisdoc.com\/es\/proyectos\/el-mar-de-barcelona-al-mundo\/"]}]},{"@type":"ImageObject","inLanguage":"es","@id":"https:\/\/iurisdoc.com\/es\/proyectos\/el-mar-de-barcelona-al-mundo\/#primaryimage","url":"https:\/\/iurisdoc.com\/wp-content\/uploads\/vaixell_paper-scaled.jpg","contentUrl":"https:\/\/iurisdoc.com\/wp-content\/uploads\/vaixell_paper-scaled.jpg","width":2560,"height":1707,"caption":"Gesti\u00f3 de la comunicaci\u00f3 de la Fundaci\u00f3 Barcelona Capital N\u00e0utica"},{"@type":"BreadcrumbList","@id":"https:\/\/iurisdoc.com\/es\/proyectos\/el-mar-de-barcelona-al-mundo\/#breadcrumb","itemListElement":[{"@type":"ListItem","position":1,"name":"Inici","item":"https:\/\/iurisdoc.com\/es\/"},{"@type":"ListItem","position":2,"name":"Projects","item":"https:\/\/iurisdoc.com\/en\/projects\/"},{"@type":"ListItem","position":3,"name":"El mar, de Barcelona al mundo"}]},{"@type":"WebSite","@id":"https:\/\/iurisdoc.com\/#website","url":"https:\/\/iurisdoc.com\/","name":"Iuris.doc","description":"Naturalment digitals","publisher":{"@id":"https:\/\/iurisdoc.com\/#organization"},"alternateName":"Iurisdoc","potentialAction":[{"@type":"SearchAction","target":{"@type":"EntryPoint","urlTemplate":"https:\/\/iurisdoc.com\/?s={search_term_string}"},"query-input":{"@type":"PropertyValueSpecification","valueRequired":true,"valueName":"search_term_string"}}],"inLanguage":"es"},{"@type":"Organization","@id":"https:\/\/iurisdoc.com\/#organization","name":"Iuris.doc","alternateName":"Iurisdoc","url":"https:\/\/iurisdoc.com\/","logo":{"@type":"ImageObject","inLanguage":"es","@id":"https:\/\/iurisdoc.com\/#\/schema\/logo\/image\/","url":"https:\/\/iurisdoc.com\/wp-content\/uploads\/Logo-Iuris.svg","contentUrl":"https:\/\/iurisdoc.com\/wp-content\/uploads\/Logo-Iuris.svg","caption":"Iuris.doc"},"image":{"@id":"https:\/\/iurisdoc.com\/#\/schema\/logo\/image\/"},"sameAs":["https:\/\/x.com\/iurisdoc","https:\/\/www.instagram.com\/iurisdoc","https:\/\/www.linkedin.com\/company\/iuris-doc-contenidos-digitales-\/"]}]}},"_links":{"self":[{"href":"https:\/\/iurisdoc.com\/es\/wp-json\/wp\/v2\/projectes\/14262","targetHints":{"allow":["GET"]}}],"collection":[{"href":"https:\/\/iurisdoc.com\/es\/wp-json\/wp\/v2\/projectes"}],"about":[{"href":"https:\/\/iurisdoc.com\/es\/wp-json\/wp\/v2\/types\/projectes"}],"author":[{"embeddable":true,"href":"https:\/\/iurisdoc.com\/es\/wp-json\/wp\/v2\/users\/8"}],"wp:featuredmedia":[{"embeddable":true,"href":"https:\/\/iurisdoc.com\/es\/wp-json\/wp\/v2\/media\/14205"}],"wp:attachment":[{"href":"https:\/\/iurisdoc.com\/es\/wp-json\/wp\/v2\/media?parent=14262"}],"wp:term":[{"taxonomy":"ambits","embeddable":true,"href":"https:\/\/iurisdoc.com\/es\/wp-json\/wp\/v2\/ambits?post=14262"},{"taxonomy":"etiquetes-projectes","embeddable":true,"href":"https:\/\/iurisdoc.com\/es\/wp-json\/wp\/v2\/etiquetes-projectes?post=14262"},{"taxonomy":"tipus-serveis","embeddable":true,"href":"https:\/\/iurisdoc.com\/es\/wp-json\/wp\/v2\/tipus-serveis?post=14262"}],"curies":[{"name":"wp","href":"https:\/\/api.w.org\/{rel}","templated":true}]}}

<!-- This site is optimized with the Yoast SEO plugin v27.4 - https://yoast.com/product/yoast-seo-wordpress/ -->
<title>El mar, de Barcelona al mundo | Fundación Barcelona Capital Náutica | Iuris.doc</title>
<meta name="description" content="Estrategias de comunicación, contenidos, diseño y tecnología. En Iurisdoc tenemos una buena historia. ¿Nos permites contar la tuya?" />
<meta name="robots" content="index, follow, max-snippet:-1, max-image-preview:large, max-video-preview:-1" />
<link rel="canonical" href="https://iurisdoc.com/es/proyectos/el-mar-de-barcelona-al-mundo/" />
<meta property="og:locale" content="es_ES" />
<meta property="og:type" content="article" />
<meta property="og:title" content="El mar, de Barcelona al mundo | Fundación Barcelona Capital Náutica | Iuris.doc" />
<meta property="og:description" content="Estrategias de comunicación, contenidos, diseño y tecnología. En Iurisdoc tenemos una buena historia. ¿Nos permites contar la tuya?" />
<meta property="og:url" content="https://iurisdoc.com/es/proyectos/el-mar-de-barcelona-al-mundo/" />
<meta property="og:site_name" content="Iuris.doc" />
<meta property="og:image" content="https://iurisdoc.com/wp-content/uploads/vaixell_paper-scaled.jpg" />
	<meta property="og:image:width" content="2560" />
	<meta property="og:image:height" content="1707" />
	<meta property="og:image:type" content="image/jpeg" />
<meta name="twitter:card" content="summary_large_image" />
<meta name="twitter:site" content="@iurisdoc" />
<script type="application/ld+json" class="yoast-schema-graph">{"@context":"https:\/\/schema.org","@graph":[{"@type":"WebPage","@id":"https:\/\/iurisdoc.com\/es\/proyectos\/el-mar-de-barcelona-al-mundo\/","url":"https:\/\/iurisdoc.com\/es\/proyectos\/el-mar-de-barcelona-al-mundo\/","name":"El mar, de Barcelona al mundo | Fundación Barcelona Capital Náutica | Iuris.doc","isPartOf":{"@id":"https:\/\/iurisdoc.com\/#website"},"primaryImageOfPage":{"@id":"https:\/\/iurisdoc.com\/es\/proyectos\/el-mar-de-barcelona-al-mundo\/#primaryimage"},"image":{"@id":"https:\/\/iurisdoc.com\/es\/proyectos\/el-mar-de-barcelona-al-mundo\/#primaryimage"},"thumbnailUrl":"https:\/\/iurisdoc.com\/wp-content\/uploads\/vaixell_paper-scaled.jpg","datePublished":"2026-04-26T16:11:47+00:00","description":"Estrategias de comunicación, contenidos, diseño y tecnología. En Iurisdoc tenemos una buena historia. ¿Nos permites contar la tuya?","breadcrumb":{"@id":"https:\/\/iurisdoc.com\/es\/proyectos\/el-mar-de-barcelona-al-mundo\/#breadcrumb"},"inLanguage":"es","potentialAction":[{"@type":"ReadAction","target":["https:\/\/iurisdoc.com\/es\/proyectos\/el-mar-de-barcelona-al-mundo\/"]}]},{"@type":"ImageObject","inLanguage":"es","@id":"https:\/\/iurisdoc.com\/es\/proyectos\/el-mar-de-barcelona-al-mundo\/#primaryimage","url":"https:\/\/iurisdoc.com\/wp-content\/uploads\/vaixell_paper-scaled.jpg","contentUrl":"https:\/\/iurisdoc.com\/wp-content\/uploads\/vaixell_paper-scaled.jpg","width":2560,"height":1707,"caption":"Gestió de la comunicació de la Fundació Barcelona Capital Nàutica"},{"@type":"BreadcrumbList","@id":"https:\/\/iurisdoc.com\/es\/proyectos\/el-mar-de-barcelona-al-mundo\/#breadcrumb","itemListElement":[{"@type":"ListItem","position":1,"name":"Inici","item":"https:\/\/iurisdoc.com\/es\/"},{"@type":"ListItem","position":2,"name":"Projects","item":"https:\/\/iurisdoc.com\/en\/projects\/"},{"@type":"ListItem","position":3,"name":"El mar, de Barcelona al mundo"}]},{"@type":"WebSite","@id":"https:\/\/iurisdoc.com\/#website","url":"https:\/\/iurisdoc.com\/","name":"Iuris.doc","description":"Naturalment digitals","publisher":{"@id":"https:\/\/iurisdoc.com\/#organization"},"alternateName":"Iurisdoc","potentialAction":[{"@type":"SearchAction","target":{"@type":"EntryPoint","urlTemplate":"https:\/\/iurisdoc.com\/?s={search_term_string}"},"query-input":{"@type":"PropertyValueSpecification","valueRequired":true,"valueName":"search_term_string"}}],"inLanguage":"es"},{"@type":"Organization","@id":"https:\/\/iurisdoc.com\/#organization","name":"Iuris.doc","alternateName":"Iurisdoc","url":"https:\/\/iurisdoc.com\/","logo":{"@type":"ImageObject","inLanguage":"es","@id":"https:\/\/iurisdoc.com\/#\/schema\/logo\/image\/","url":"https:\/\/iurisdoc.com\/wp-content\/uploads\/Logo-Iuris.svg","contentUrl":"https:\/\/iurisdoc.com\/wp-content\/uploads\/Logo-Iuris.svg","caption":"Iuris.doc"},"image":{"@id":"https:\/\/iurisdoc.com\/#\/schema\/logo\/image\/"},"sameAs":["https:\/\/x.com\/iurisdoc","https:\/\/www.instagram.com\/iurisdoc","https:\/\/www.linkedin.com\/company\/iuris-doc-contenidos-digitales-\/"]}]}</script>
<!-- / Yoast SEO plugin. -->

El mar, de Barcelona al mundo | Fundación Barcelona Capital Náutica | Iuris.doc

Estrategias de comunicación, contenidos, diseño y tecnología. En Iurisdoc tenemos una buena historia. ¿Nos permites contar la tuya?

Gestió de la comunicació de la Fundació Barcelona Capital Nàutica
